00. Determine c(256).
8
Let n(o) = -o**2 + 467*o - 53353. Give n(209).
569
Let u(z) = 788318*z - 3941593. Calculate u(5).
-3
Let n(s) = 4881*s + 7308. Give n(-2).
-2454
Let l(t) = -t**2 - 100*t - 3425. Determine l(-32).
-1249
Let y(f) = -20127*f**2 - 80512*f + 23. Determine y(-4).
39
Let i(d) = -25476*d + 50236. Give i(2).
-716
Let q(r) = 136*r**2 + 5716*r + 61. Give q(-42).
-107
Let n(w) = 1344*w + 14343. What is n(-11)?
-441
Let d(o) = 5727*o**2 - 22946*o + 148. What is d(4)?
-4
Let r(m) = 2*m**3 + 669*m**2 - 3199*m + 183931. What is r(-340)?
-9
Let d(y) = -11785*y - 365372. Determine d(-31).
-37
Let d(j) = -7*j**2 - 1383*j - 12601. Give d(-188).
-5
Let y(j) = j**2 - 37885*j + 302928. Give y(8).
-88
Let n(v) = -2563*v - 4904. Determine n(-2).
222
Let z(m) = 29*m**3 - 11492*m**2 + 3146*m + 8715. Give z(396).
3
Let v(c) = -262*c**2 + 93*c - 97. Calculate v(1).
-266
Let u(s) = -4306*s + 137693. Calculate u(32).
-99
Let d(b) = -2*b + 654. Determine d(33).
588
Let m(d) = 5*d**3 + 1203*d**2 - 395*d + 20961. Give m(-241).
-6
Let a(y) = -y**3 - 16*y**2 - 24*y - 36. Give a(-14).
-92
Let z(d) = d**3 + 180*d**2 + 1206*d - 786. Determine z(-173).
79
Let c(q) = q**2 + 64063*q - 1153505. Determine c(18).
-47
Let c(h) = h - 1334. Calculate c(111).
-1223
Let j(x) = 29*x - 5233. What is j(30)?
-4363
Let w(b) = -2278*b + 57034. What is w(25)?
84
Let w(m) = -m**3 + 265*m**2 - 275*m + 2901. Calculate w(264).
-3
Let d(f) = -15207*f - 136851. Determine d(-9).
12
Let n(d) = 2127*d + 24932. Give n(-12).
-592
Let w(u) = -2999090*u - 83974524. What is w(-28)?
-4
Let h(d) = 4567*d**2 - 31981*d + 81. Calculate h(7).
-3
Let t(o) = o**3 + 18*o**2 - 205*o - 36. Give t(-26).
-114
Let f(i) = -i**2 + 226*i + 13422. Give f(-47).
591
Let g(h) = -26541*h**2 - 690061*h + 123. Give g(-26).
-7
Let x(f) = -225*f**3 - 3*f**2 - 74*f - 136. Determine x(-2).
1800
Let m(n) = 91*n**2 + 1746*n + 200. Calculate m(-19).
-123
Let t(p) = p**2 + 6881*p + 280449. Give t(-41).
9
Let y(k) = -k**2 + 6*k + 4347. Calculate y(-63).
0
Let q(b) = b**3 + 459*b**2 + 38*b + 17444. What is q(-459)?
2
Let l(f) = -3*f**3 + 41*f**2 - 77*f + 348. What is l(17)?
-3851
Let p(u) = -3*u**2 - 366*u - 11670. What is p(-58)?
-534
Let a(u) = 2*u**2 + 583*u + 14134. Give a(-264).
-386
Let i(p) = 15*p**3 + p**2 + 3164*p + 3161. Determine i(-1).
-17
Let l(t) = -289*t + 22268. Determine l(77).
15
Let m(r) = -120*r**3 - 909*r**2 + 420*r + 99. Calculate m(-8).
3
Let c(h) = 971*h + 7488. What is c(-9)?
-1251
Let s(l) = -l**3 + 9*l**2 - 907*l + 8179. What is s(9)?
16
Let a(t) = -17170*t - 291917. What is a(-17)?
-27
Let y(s) = 165*s + 41. Give y(-3).
-454
Let f(d) = -501*d - 25477. Give f(-50).
-427
Let g(h) = 7*h**2 + 1170*h + 35617. What is g(-40)?
17
Let x(l) = l**2 - 73*l - 910. What is x(81)?
-262
Let o(u) = 3*u**2 + 409*u + 9251. Give o(-31).
-545
Let d(i) = -2*i**3 - 1022*i**2 + 12633*i + 42313. Determine d(-523).
-50
Let b(g) = -4570*g - 1087610. Give b(-238).
50
Let t(y) = 34*y**2 + 518*y + 1251. Determine t(-12).
-69
Let d(g) = -2*g**3 + 83*g**2 - 843*g - 381. Determine d(21).
-3
Let z(v) = v**3 + 202*v**2 - 607*v + 44709. Give z(-206).
7
Let b(z) = 2*z**2 + 854*z + 6627. Calculate b(-8).
-77
Let h(g) = -2*g**2 + 188813*g + 2643775. Calculate h(-14).
1
Let z(c) = -60*c**2 + 145*c + 148. Determine z(-1).
-57
Let r(g) = -g**3 - 9*g**2 - 10*g - 346. Determine r(-12).
206
Let s(a) = -8120*a - 62. Determine s(0).
-62
Let u(n) = -3368*n - 532. Give u(0).
-532
Let a(y) = 5467*y - 3744. Determine a(1).
1723
Let s(v) = -2*v**3 + 673*v**2 + 2405*v - 8579. Calculate s(340).
-79
Let h(p) = p**2 - 17953*p + 519797. Give h(29).
1
Let b(g) = -386*g**2 - 379*g + 12. Calculate b(-1).
5
Let r(w) = 22*w**2 - 393*w + 2495. Calculate r(8).
759
Let p(m) = 2*m**2 + 4233*m - 16982. Calculate p(4).
-18
Let c(b) = -b**3 - 70*b**2 + 14193*b + 6731. Calculate c(-159).
53
Let t(x) = 2*x**3 + 57*x**2 + 202*x + 123. Give t(-3).
-24
Let u(j) = -13*j**2 + 11717*j - 115857. Calculate u(10).
13
Let s(i) = i**2 - 76*i - 5265. Give s(121).
180
Let i(l) = -276*l - 226900. Determine i(-821).
-304
Let g(y) = y**2 + 5892*y - 1734610. Give g(281).
3
Let x(a) = a**2 - 100*a + 459. What is x(43)?
-1992
Let d(x) = -2*x**3 + 131*x**2 - 439*x - 201. Determine d(4).
11
Let w(f) = 69*f**2 + 31109*f - 4565. What is w(-451)?
-55
Let a(n) = 7*n**2 - 1756*n - 59002. Calculate a(-30).
-22
Let u(g) = g**3 - 4*g**2 - 15*g + 11. Give u(5).
-39
Let h(l) = 10*l**2 + 1220*l + 28213. Calculate h(-91).
3
Let f(b) = 3*b**2 + 14795*b - 88827. Calculate f(6).
51
Let w(r) = -2*r**3 + 19*r**2 - 4*r + 200. Determine w(10).
60
Let l(x) = -x**3 + 46*x**2 + 184*x - 1739. Calculate l(49).
74
Let v(l) = l**3 - 112*l**2 + 1421*l - 4784. What is v(98)?
18
Let c(q) = -q**3 - 33*q**2 + 136*q - 492. What is c(-37)?
-48
Let k(d) = d**3 - 115*d**2 + 255*d - 2204. Determine k(113).
1073
Let g(b) = 176*b - 89248. What is g(507)?
-16
Let t(i) = 30892*i - 556060. Give t(18).
-4
Let d(v) = -2*v**2 - 156*v - 1742. Determine d(-13).
-52
Let r(h) = -166*h - 11291. Determine r(-67).
-169
Let u(m) = m**3 - 284*m**2 + 280*m + 833. Determine u(283).
-16
Let o(a) = -a**3 + 26*a**2 + 1310*a - 35081. Give o(28).
31
Let o(y) = -62*y**2 + 1344*y + 31962. What is o(36)?
-6
Let z(k) = -k**3 + 58*k**2 + 5177*k - 3231. Calculate z(-49).
3
Let o(q) = -1196*q + 2414. What is o(2)?
22
Let w(i) = i**3 - 47*i**2 + 356*i + 547. Calculate w(37).
29
Let b(r) = -20*r**2 + 228*r - 538. Determine b(7).
78
Let o(z) = -9*z**3 - 24*z**2 + 72*z + 99. Give o(-8).
2595
Let c(v) = -500*v - 665. What is c(-4)?
1335
Let f(q) = 1123*q + 132486. Calculate f(-118).
-28
Let f(i) = -26*i**2 + 19*i - 2. Determine f(1).
-9
Let l(o) = -51*o - 134. Determine l(8).
-542
Let v(a) = 622*a**2 - 10709*a + 2297. What is v(17)?
2
Let y(k) = -30*k + 4720. What is y(123)?
1030
Let g(b) = 8843*b - 61949. Calculate g(7).
-48
Let a(t) = -3*t**2 - 2157*t - 37855. Calculate a(-701).
-1
Let o(x) = -48141*x - 2310763. Determine o(-48).
5
Let q(h) = 6*h**3 - 2051*h**2 + 1660*h + 15310. Calculate q(341).
-35
Let w(s) = -971*s + 896234. Give w(923).
1
Let k(p) = 945*p - 270261. Determine k(286).
9
Let q(w) = 170563*w**2 + 2046756*w + 12. Determine q(-12).
12
Let n(k) = 253104*k - 9364848. What is n(37)?
0
Let d(q) = -10*q**3 - 2*q**2 + 3*q - 866. Give d(0).
-866
Let y(g) = -g**3 + 11*g**2 + 313*g - 3733. Determine y(13).
-2
Let o(j) = -41262*j - 618886. Determine o(-15).
44
Let h(w) = w**2 + 7042*w + 460425. Determine h(-66).
9
Let f(j) = 1877*j + 893432. Calculate f(-476).
-20
Let m(l) = 11308*l - 2510343. What is m(222)?
33
Let b(k) = -3*k**3 + 14478*k**2 - 631222*k - 86. What is b(44)?
2
Let i(h) = -28284*h + 1612082. Give i(57).
-106
Let c(h) = -826*h - 14052. Give c(-17).
-10
Let v(p) = 25*p**3 - 174*p**2 + 1966*p - 13813. What is v(7)?
-2
Let m(p) = 2227*p + 82384. Calculate m(-37).
-15
Let i(b) = -b**2 - 1954*b - 65257. Determine i(-34).
23
Let t(r) = r**3 + 11*r**2 + 14*r + 363. What is t(-17)?
-1609
Let d(z) = 61215*z - 122442. Determine d(2).
-12
Let k(g) = -1585*g**2 - 6401*g + 6. Determine k(-4).
250
Let l(h) = 376*h - 6335. Calculate l(3).
-5207
Let n(x) = 54*x**3 + 48*x**2 - 105*x - 85. Calculate n(3).
1490
Let t(v) = v**2 - 5157*v - 87882. Calculate t(-17).
76
Let y(v) = -7122*v - 541302. What is y(-76)?
-30
Let l(r) = 38*r - 1099. Calculate l(29).
3
Let u(d) = 1833*d + 97148. Calculate u(-53).
-1
Let i(k) = -14*k**2 - 31*k - 274. Give i(-6).
-592
Let k(z) = 649*z**2 + 32*z - 25. Give k(-1).
592
Let t(o) = -79*o - 16228. Determine t(-213).
599
Let f(w) = 7412*w + 163078. Give f(-22).
14
Let g(h) = h**2 - 990*h - 409251. Determine g(-314).
205
Let i(x) = -8*x**2 + 1484*x - 66836. Calculate i(77).
0
Let k(g) = g**2 - 90*g + 1028. What is k(10)?
228
Let k(t) = -392*t - 28138. Calculate k(-80).
3222
Let x(a) = 2*a**2 - 273*a + 7945. What is x(92)?
-243
Let n(x) = 63*x**2 - 2073*x + 4168. Determine n(2).
274
Let g(x) = -2*x**3 - 463*x**2 - 695*x + 133. What is g(-230)?
1283
Let w(g) = 1184*g - 211943. Give w(179).
-7
Let p(r) = -3*r - 24. What is p(-6)?
-6
Let q(g) = 13233*g - 413. What is q(0)?
-413
Let i(f) = 11*f**2 + 1357*f - 9502. Give i(-130).
-12
Let v(o) = -78*o + 469. What is v(6)?
1
Let t(f) = 207*f**2 + 10151*f - 10151. Determine t(1).
